1 prime?
True
Is 23403034 prime?
False
Is 46615199 a composite number?
False
Is 563131 a prime number?
True
Is 25223038 composite?
True
Is 70215245 a composite number?
True
Is 27165287 a prime number?
True
Is 29275933 a prime number?
True
Is 579251 composite?
False
Is 66575143 composite?
False
Is 3262973 composite?
True
Is 1548121 composite?
False
Is 343455653 prime?
True
Is 1933469 a composite number?
False
Is 9821257 a prime number?
False
Is 79891414 composite?
True
Is 1310851 prime?
True
Is 40315657 composite?
False
Is 2621681 prime?
False
Is 6285021 a prime number?
False
Is 34512143 composite?
False
Is 19660423 prime?
False
Is 101738267 prime?
True
Is 94617491 a prime number?
False
Is 2569029 composite?
True
Is 202327 composite?
False
Is 9932383 prime?
False
Is 14863669 a composite number?
False
Is 1303787 a prime number?
True
Is 619009171 a prime number?
False
Is 37115653 composite?
True
Is 14240929 a composite number?
False
Is 40805029 composite?
True
Is 30025883 prime?
True
Is 12499915 a composite number?
True
Is 25192771 composite?
True
Is 8973106 a prime number?
False
Is 33361723 prime?
False
Is 2704331 a composite number?
True
Is 147178187 prime?
False
Is 138316907 prime?
True
Is 67110881 a composite number?
False
Is 78832901 composite?
True
Is 11572633 prime?
False
Is 12000631 a prime number?
False
Is 287899 a composite number?
True
Is 703331 prime?
True
Is 1010279 composite?
True
Is 30322687 prime?
False
Is 61512509 a prime number?
False
Is 186462919 prime?
False
Is 878214521 a prime number?
True
Is 369413951 a composite number?
True
Is 6020609 a composite number?
True
Is 17844461 a prime number?
True
Is 53551 prime?
True
Is 746533985 a prime number?
False
Is 55841 composite?
True
Is 105688729 prime?
True
Is 50294407 prime?
True
Is 59979727 a prime number?
False
Is 60267547 a composite number?
True
Is 4234757 prime?
False
Is 1767553 composite?
False
Is 34536713 prime?
True
Is 76998301 composite?
False
Is 7087771 a prime number?
True
Is 325065341 composite?
False
Is 12509579 a composite number?
False
Is 117751639 composite?
True
Is 17685111 composite?
True
Is 56578 a prime number?
False
Is 7955279 composite?
False
Is 5520907 a composite number?
True
Is 20237251 prime?
True
Is 33068579 composite?
False
Is 19924937 a prime number?
False
Is 730727 a prime number?
True
Is 1854157 composite?
False
Is 23113241 a composite number?
False
Is 591853861 prime?
False
Is 31487585 a prime number?
False
Is 1611374 a prime number?
False
Is 948070421 a prime number?
True
Is 366486859 prime?
True
Is 7358881 a composite number?
False
Is 1544311 prime?
True
Is 588737 a prime number?
True
Is 103273451 a composite number?
False
Is 16569799 a composite number?
False
Is 68996093 composite?
True
Is 29283781 a prime number?
True
Is 1075411 a composite number?
True
Is 16823351 prime?
False
Is 34277921 composite?
True
Is 3178619 a composite number?
False
Is 166498153 a composite number?
True
Is 173643763 a prime number?
False
Is 22654627 prime?
False
Is 1532771 prime?
False
Is 289704979 prime?
True
Is 4437131 prime?
True
Is 1055897657 prime?
True
Is 5243783 a prime number?
False
Is 146047835 a prime number?
False
Is 2781447 prime?
False
Is 150442349 composite?
True
Is 290201 a composite number?
False
Is 217663 a prime number?
False
Is 67140113 a prime number?
False
Is 115843907 a prime number?
True
Is 2707141 a composite number?
True
Is 437532754 composite?
True
Is 88598821 composite?
False
Is 63785983 a composite number?
True
Is 28859377 a prime number?
False
Is 295357 a composite number?
False
Is 352931 a composite number?
False
Is 616829 composite?
False
Is 24103267 composite?
True
Is 244218809 a composite number?
True
Is 9984489 composite?
True
Is 10109267 prime?
False
Is 57457979 a prime number?
False
Is 309899091 prime?
False
Is 14997811 prime?
False
Is 1227139 composite?
True
Is 96981659 prime?
False
Is 94121491 prime?
False
Is 1205803 a composite number?
True
Is 6824747 prime?
False
Is 621781 a prime number?
False
Is 384141701 composite?
False
Is 48278701 composite?
False
Is 394619633 composite?
True
Is 272246417 a prime number?
True
Is 9297311 prime?
True
Is 6189961 prime?
True
Is 525299 a composite number?
False
Is 15048445 a prime number?
False
Is 3595847 composite?
False
Is 521052107 prime?
False
Is 3904451 prime?
False
Is 414549134 composite?
True
Is 34125841 composite?
True
Is 88665719 a composite number?
False
Is 159713 composite?
True
Is 60052181 a composite number?
True
Is 8965073 a composite number?
True
Is 20020361 prime?
False
Is 212363023 a composite number?
False
Is 1439327 composite?
True
Is 4582559 composite?
False
Is 12340279 composite?
True
Is 3398599 a prime number?
True
Is 773495 a prime number?
False
Is 3956534 composite?
True
Is 91230407 a composite number?
False
Is 439517 a composite number?
True
Is 241327537 a composite number?
True
Is 13807943 a composite number?
True
Is 751607 a prime number?
False
Is 184952903 prime?
True
Is 4338073 a prime number?
True
Is 2515921 composite?
False
Is 87005987 prime?
False
Is 20963639 a prime number?
True
Is 27158387 a composite number?
True
Is 1447471 a composite number?
False
Is 552869 composite?
True
Is 1244171 prime?
False
Is 1164791 a composite number?
False
Is 5392099 composite?
False
Is 6680851 composite?
False
Is 7536811 a prime number?
True
Is 293916589 a composite number?
False
Is 9883283 a prime number?
True
Is 5254401 a composite number?
True
Is 1965239 a composite number?
False
Is 794449 prime?
True
Is 19602689 composite?
False
Is 97827277 a composite number?
False
Is 59953891 a composite number?
True
Is 8196301 a composite number?
False
Is 116916299 prime?
True
Is 76177007 composite?
False
Is 135982631 a composite number?
False
Is 439063 a composite number?
False
Is 1276045 composite?
True
Is 4017889 a prime number?
False
Is 93911801 composite?
True
Is 386713 prime?
True
Is 36348547 composite?
False
Is 4054231 prime?
True
Is 61197967 prime?
False
Is 1310693 a prime number?
True
Is 1473683 prime?
False
Is 10892633 a prime number?
True
Is 73539539 composite?
False
Is 220945715 a composite number?
True
Is 5101829 a prime number?
False
Is 23281171 a composite number?
True
Is 380195069 a prime number?
True
Is 23071103 composite?
True
Is 5637967 a composite number?
True
Is 23874639 a composite number?
True
Is 97459433 a prime number?
False
Is 28809499 a composite number?
True
Is 365447549 prime?
True
Is 257801519 a composite number?
True
Is 134303507 a composite number?
True
Is 149349 prime?
False
Is 807100891 a composite number?
True
Is 4773449 prime?
True
Is 44344267 prime?
False
Is 80011159 composite?
False
Is 10360838 a composite number?
True
Is 432895739 a composite number?
False
Is 120230717 prime?
False
Is 227327719 composite?
False
Is 5661277 prime?
True
Is 44402755 a composite number?
True
Is 555677 composite?
False
Is 1053971309 prime?
True
Is 160443169 a composite number?
False
Is 26368469 a prime number?
True
Is 5604719 a prime number?
True
Is 1258066115 composite?
True
Is 4756303 a composite number?
True
Is 9591971 composite?
True
Is 5074849 a prime number?
False
Is 14842241 a prime number?
False
Is 5547811 a composite number?
True
Is 5989241 prime?
True
Is 100528091 a prime number?
False
Is 12579737 a composite number?
False
Is 197806903 a composite number?
True
Is 1093343 a composite number?
True
Is 50931341 a prime number?
True
Is 48347797 prime?
True
Is 12405171 a prime number?
False
Is 123336439 a composite number?
True
Is 2572891 a composite number?
True
Is 2920031 composite?
False
Is 4404233 composite?
True
Is 54949679 a prime number?
False
Is 98405093 a prime number?
True
Is 45737113 a composite number?
False
Is 4625351 prime?
False
Is 3595639 prime?
True
Is 3766564951 a composite number?
False
Is 22497457 composite?
False
Is 1400627 a prime number?
True
Is 7205585 prime?
False
Is 27699305 prime?
False
Is 88451409 composite?
True
Is 66202813 a prime number?
True
Is 2284189 prime?
False
Is 12355223 prime?
True
Is 1629983 composite?
False
Is 7979423 a prime number?
True
Is 1526045 a composite number?
True
Is 172008139 prime?
True
Is 460694771 a composite number?
True
Is 189327821 composite?
True
Is 848023 a prime number?
False
Is 74578103 prime?
True
Is 889715 a